4/55741) - (-9)/21 is divided by 4?
1
Let x(o) = -8*o - 659. Calculate the remainder when (20/(-16) + 3/12)*-369 is divided by x(-89).
51
Suppose 33*v - 28*v = 20. Suppose 0 = 3*a + z - 86, a - 4*z = v*a - 101. What is the remainder when 104 is divided by a?
23
Let q(g) = -g**2 - 22*g + 240. Calculate the remainder when 91 is divided by q(-29).
17
What is the remainder when 70/21 + 160600/24 is divided by 87?
83
Let y be -5 + 6 + (-3)/1 - -2. Suppose -2*k + 26 = 2*v - y*k, -4*v + 34 = -2*k. Suppose -12 = -i - v. What is the remainder when 20 is divided by i?
0
Let r be (-261)/(-18)*((1 - 3) + 6). Calculate the remainder when 3072/29 + 4/r is divided by 22.
18
Let x = 214 - 184. Let c = 50 + x. What is the remainder when c is divided by 22?
14
Suppose 0*w - w = -4. Suppose 0*g = g - w. Let o(l) = -l**3 - 5*l**2 + 11*l - 16. Calculate the remainder when o(-7) is divided by g.
1
Let k(h) = 7*h + 65. Let u(n) = 8*n + 66. Let b(t) = 6*k(t) - 5*u(t). What is the remainder when 27 is divided by b(-22)?
11
Suppose -11*y + y = -100. Suppose k = 5*i - y*i + 5, -2*i + 8 = k. Calculate the remainder when 29 is divided by k.
9
Let p(g) = 191*g**2 - 16*g - 7. Calculate the remainder when 4024 is divided by p(1).
160
Let v be (-2)/(-5)*214305/78. Let n = -768 + v. Calculate the remainder when n is divided by 16.
11
Suppose 3*w + 37 = z + 120, 3*z = 5*w - 137. Let q = 74 - 20. Calculate the remainder when q is divided by w.
26
Let v = -8694 + 8909. Calculate the remainder when v is divided by 17.
11
Let o = -19959 - -19972. What is the remainder when 30900 is divided by o?
12
Suppose -22*t = -m - 25*t + 293, -m - 4*t = -293. Calculate the remainder when m is divided by 7.
6
What is the remainder when 154 is divided by ((-944)/(-16) + -5)*1?
46
Let h(t) = 15*t + 6. Suppose -2*j = 4*i - 14, -3*j + 5 = 2*i - 8. Let q be h(j). Suppose 54 + q = 3*d. What is the remainder when 136 is divided by d?
31
Suppose -r + i + 137 = 0, 5*i + 31 = 4*r - 520. What is the remainder when 378 is divided by r?
110
Let v = -8620 - -8937. What is the remainder when v is divided by 126?
65
Suppose 0 = 4*w - 8. Let r = 244 + -241. Suppose -5*f = -w*y + 55, r*y + f + 0*f - 40 = 0. Calculate the remainder when 28 is divided by y.
13
Let j(x) = 21*x + 1035. Let n be j(-50). Let q(a) = 4 + a**2 + 12*a - 18 + 0*a**2. What is the remainder when 118 is divided by q(n)?
25
Calculate the remainder when (-81 + -2)/((-858)/65 + 13) is divided by 28.
23
Let y(u) = u**2 + 9*u + 5. Calculate the remainder when 281 is divided by y(6).
91
Suppose 0 = -b - 3*c - 69 + 2, 313 = -4*b + 3*c. Let x = -50 - b. Suppose -4*k - 94 - 32 = -2*n, -4*k + 312 = 4*n. What is the remainder when n is divided by x?
21
Let s be 6/21 - 0 - 14625/105. Let h = -113 - s. What is the remainder when 69 is divided by h?
17
Suppose 167*w - 168*w + 89 = 0. Suppose 262 = 3*m - 5*k, 0 = -4*m + 3*m + 2*k + w. Calculate the remainder when m is divided by 27.
25
Suppose 193 = -10*a + 223. What is the remainder when 988 is divided by a?
1
Let k(v) = -v**2 - 15*v + 1. Let r be k(-7). Suppose 2*p - r = 3*f, -8*f - 117 = -4*p - 3*f. What is the remainder when p is divided by 22?
11
Let r be 2/(-24)*3*-28. Suppose 2*k = 2*b - 24, -3*b + 2*k + 28 = r*k. What is the remainder when b is divided by 5?
1
Let f be (-4)/(1 - (-24)/(-21)). Suppose 6*m + 10 - f = 0. Suppose -68 + 14 = -m*z. Calculate the remainder when z is divided by 9.
0
Calculate the remainder when 905 is divided by 646*((30/4 - 0) + (-6 - 1)).
259
Let c(w) = -1387*w - 6919. What is the remainder when 1 + (3 - 440*-1) is divided by c(-5)?
12
Calculate the remainder when 171 is divided by 47 - ((-2)/3 + (-7)/3).
21
Suppose 5*j + 6240 = 5*t, 0 = 2*t + 2*j + 2*j - 2490. Let d(b) = 4*b + 24. Calculate the remainder when t is divided by d(-3).
11
Let x = 18150 - 18123. Calculate the remainder when 716 is divided by x.
14
What is the remainder when 1124 is divided by ((-6)/15 - 868/(-420))*15?
24
Let i = 9904 + -9853. Calculate the remainder when 426 is divided by i.
18
Let n = -195 + 318. Let r = n - 76. Let v = r + -17. Calculate the remainder when 209 is divided by v.
29
Suppose -2*p + 3*p + 80 = 5*k, -5*k + 4*p = -95. Let l(y) = -17*y + 370. Let t be l(20). Suppose -t = -f + k. Calculate the remainder when f is divided by 23.
22
Suppose 2*m - 51 = -m - 3*k, -4*m + 41 = -5*k. Let j(c) = -4*c**2 + 57*c + 5. What is the remainder when 148 is divided by j(m)?
15
Suppose 1061 + 1761 = -17*x. Let n = 197 + x. Calculate the remainder when 57 is divided by n.
26
Suppose 26*t + 6 = 23*t - 3*c, 3*t = -c - 12. What is the remainder when 163*(2 - 2 - -1) is divided by t/((-10)/30 - 0)?
13
Suppose 0 + 0 = 26*k. Suppose -18*u + 156 + 24 = k. What is the remainder when 17 is divided by u?
7
What is the remainder when 216 is divided by (-21 - (18 + -16)) + 92?
9
Suppose 3*j + 5*q = 21, -53*j + 52*j + 3*q = -21. What is the remainder when 1235 is divided by j?
11
Calculate the remainder when 566 + (1 + -1)/(172/(-86)) is divided by 278.
10
Let r(x) = -x**3 - 17*x**2 - 50*x + 56. What is the remainder when 265 is divided by r(-13)?
25
Suppose 55*q + 32*q = 4339 + 707. Suppose -4*j = -2*j - 458. Calculate the remainder when j is divided by q.
55
Let k(i) = -6*i + 243. Let j be k(40). What is the remainder when 329 is divided by (j - 3) + (-1)/1 - -87?
71
Let i = 11 - -9. Suppose 0 = 2*u - 60 + i. Suppose 5*y + 132 - 417 = 0. Calculate the remainder when y is divided by u.
17
Let t = 1321 - 1337. Let u = 38 + t. Calculate the remainder when (85/3)/(1/3) is divided by u.
19
Let w(f) = f**3 + 17*f**2 + 29. Suppose -3*g + 5*g = -3*c - 46, 2*g = -4*c - 50. What is the remainder when 112 is divided by w(g)?
25
Let c(t) = -t**3 - 15*t**2 - 3*t - 7. Let d be c(-6). Let m = -212 - d. Calculate the remainder when m is divided by 21.
17
Let j be (-6)/(-8) + 2555/28. Suppose 2*q + 0*q = j. Suppose -z + 197 = 5*x + 86, -3*x - 4*z = -87. What is the remainder when q is divided by x?
4
Suppose 228*h + 13608 = 300*h. Calculate the remainder when 245 is divided by h.
56
Suppose 4*l - 4 + 36 = 0, -2*y - 5*l + 21006 = 0. Calculate the remainder when y is divided by 6.
5
Suppose 0 = 7*r + 5*q - 327, 0*q - 18 = 3*q. What is the remainder when 156 is divided by r?
3
Suppose -5*v - q + 1604 = 0, 3*q + 308 = 185*v - 184*v. What is the remainder when v is divided by 266?
54
Let c = -623 + 701. Suppose 3*h - 83 = -290. Let n = h + c. Calculate the remainder when n is divided by 4.
1
Suppose -4*n = -2*n - 4744. What is the remainder when n is divided by 24?
20
Let c(h) = -3*h**3 - 68*h**2 + 26*h + 136. Calculate the remainder when c(-23) is divided by 14.
11
Let z(j) = 7*j**2 + 19*j + 21. Let k(c) = 6*c**2 + 18*c + 20. Let n(a) = 6*k(a) - 5*z(a). Calculate the remainder when 32 is divided by n(-13).
2
Let u = 19 + -5. Let v(r) = 5*r**2 - 3*r + 12. Let i(o) = -10*o**2 + 6*o - 24. Let x(q) = -4*i(q) - 7*v(q). What is the remainder when x(-3) is divided by u?
10
Let u be (-5109)/(-13) - -1*3. Suppose -4*g + u = -g. Suppose -g = -3*v + 27. What is the remainder when v is divided by 14?
11
Suppose 0*a = 2*s - 2*a - 86, 0 = -5*s + 2*a + 212. Suppose 5*v - 401 = 2*o - 4*o, 2*v - 164 = o. What is the remainder when v is divided by s?
39
Suppose 3*p - p - 8 = 0. Suppose -8*b + p*b = 680. Let a = 285 + b. Calculate the remainder when a is divided by 58.
57
Let d(l) = l**3 - 6*l**2 + 5*l - 4. Let t be d(5). Let a(s) = -s**2 + 4. Let f be a(t). Calculate the remainder when f/32*-6*4*6 is divided by 14.
12
Suppose -4*c = x + 23 - 5, 3*c + 19 = 2*x. Suppose 2*k - 24 = 6*k. Calculate the remainder when (1 + x)*(1078/k)/(-7) is divided by 26.
25
Suppose 57*q - 56*q - 1238 = 0. Calculate the remainder when q is divided by 31.
29
Let l = -111 + 156. Let j(w) = -4*w + 32. Let f be j(7). Suppose -f*a + 65 = -2*i + 7, -3*a - 4*i = -71. What is the remainder when l is divided by a?
11
Let i = -30 + 39. Let c = i - 1. Suppose -2*u + 28 + c = 0. Calculate the remainder when u is divided by 7.
4
Suppose -39*l = -47*l + 8, -5*c = l - 1161. What is the remainder when 280 is divided by c?
48
Let x(a) = -3*a + 55. Let n = 401 + -274. Calculate the remainder when n is divided by x(14).
10
Suppose 5*w - x - 1261 = 0, 45 = x + 41. What is the remainde